{"id":1142,"date":"2019-11-18T11:31:19","date_gmt":"2019-11-18T10:31:19","guid":{"rendered":"https:\/\/cgtcemp.fr\/?page_id=1142"},"modified":"2019-12-02T16:04:58","modified_gmt":"2019-12-02T15:04:58","slug":"conge-maternite","status":"publish","type":"page","link":"https:\/\/cgtcemp.fr\/index.php\/conge-maternite\/","title":{"rendered":"Cong\u00e9 maternit\u00e9"},"content":{"rendered":"<p>&nbsp;<\/p>\n<h2><b>Femme enceintes<\/b><\/h2>\n<p>* R\u00e9duction d\u2019une \u00bd heure par jour, au choix de la salari\u00e9e le matin ou le soir, pendant le<\/p>\n<p>6\u00e8me mois de grossesse (5\u00e8me mois +1 jour).<\/p>\n<p>* A compter du 7\u00e8me mois de grossesse, r\u00e9duction\u00a0d\u2019une heure\/jour au choix le matin ou le soir.<\/p>\n<p>* L\u2019option retenue (matin \/soir), est arr\u00eat\u00e9e de fa\u00e7on d\u00e9finitive, par la collaboratrice, au d\u00e9but<\/p>\n<p>du 6\u00e8me mois de grossesse et jusqu\u2019au d\u00e9part en cong\u00e9 maternit\u00e9.<\/p>\n<p>* Il est rappel\u00e9 que la r\u00e9duction du temps de travail (1h ou \u00bd h) s\u2019applique sur les journ\u00e9es<\/p>\n<p>compl\u00e8tes de travail comme sur les \u00bd journ\u00e9es.<\/p>\n<p>&nbsp;<\/p>\n<p>Pour des raisons strictement li\u00e9es au maintien du fonctionnement de l\u2019unit\u00e9, s\u2019il s\u2019av\u00e8re impossible de mettre en oeuvre les am\u00e9nagements d\u2019horaires fix\u00e9s aux NAO de 2006 et 2009, pour les salari\u00e9es enceintes d\u2019une part et pour celles de retour de cong\u00e9 de maternit\u00e9\/allaitement\/adoption (n\u2019ayant pas eu recours au cong\u00e9 parental d\u2018\u00e9ducation) d\u2019autre part, le temps hebdomadaire non pris sera alors cumul\u00e9 et transform\u00e9 en jours dans les conditions suivantes :<\/p>\n<ul>\n<li>Pour les salari\u00e9es enceintes : le temps cumul\u00e9 sera pris dans sa totalit\u00e9 avant le d\u00e9part en cong\u00e9 maternit\u00e9.<\/li>\n<\/ul>\n<p>Le temps cumul\u00e9 ne pourra pas faire l\u2019objet d\u2019un report ou d\u2019une indemnisation en cas de<\/p>\n<p>non utilisation, avant le d\u00e9part en cong\u00e9 maternit\u00e9.<\/p>\n<p>Les salari\u00e9es arr\u00eat\u00e9es pour cong\u00e9 pathologique avant la date de d\u00e9part en cong\u00e9 maternit\u00e9,<\/p>\n<p>pourront reporter le temps cumul\u00e9 pour le consommer sur la 1\u00e8re semaine du retour dans<\/p>\n<p>l\u2019entreprise.<\/p>\n<h2><strong>Cong\u00e9s maternit\u00e9 &#8211; Article 61 du statut<\/strong><\/h2>\n<p>Le cong\u00e9 de grossesse est de 45 jours \u00e0 plein traitement avant l\u2019accouchement, de quatre mois \u00e0 plein traitement apr\u00e8s l\u2019accouchement , ou \u00e0 compter de l\u2019arriv\u00e9e de l\u2019enfant au foyer en cas d\u2019adoption\u00a0. <strong>en cas d\u2019allaitement le cong\u00e9<\/strong> est de quatre mois suppl\u00e9mentaires \u00e0 demi-traitement.<\/p>\n<p>Les traitements pr\u00e9vus au pr\u00e9sent article s\u2019entendent d\u00e9duction faite des prestations journali\u00e8res per\u00e7ues au titre de la s\u00e9curit\u00e9 sociale.<\/p>\n<p><strong>Pendant le cong\u00e9 d&rsquo;allaitement<\/strong>, la <a href=\"https:\/\/www.service-public.fr\/particuliers\/vosdroits\/F32485\">Pr\u00e9ParE<\/a>\u00a0peut vous \u00eatre vers\u00e9 en totalit\u00e9. Sa dur\u00e9e et son montant varient en fonction des situations familiales.<\/p>\n<p>L\u2019int\u00e9ress\u00e9e peut demander le b\u00e9n\u00e9fice d\u2019un cong\u00e9 sans traitement de huit mois \u00e0 l\u2019expiration du dernier cong\u00e9 pr\u00e9vu ci-dessus.<\/p>\n<p>&nbsp;<\/p>\n<h2><strong>Retour cong\u00e9 maternit\u00e9\/adoption et\u00a0<\/strong>allaitement<\/h2>\n<ul>\n<li>Pour les salari\u00e9es de retour de cong\u00e9 maternit\u00e9\/allaitement\/adoption n\u2019ayant pas eu recours au cong\u00e9 parental d\u2018\u00e9ducation, le temps non pris viendra alimenter le compteur Repos Compensateur de Remplacement. Les modalit\u00e9s de prise sont celles pr\u00e9vues \u00e0 l\u2019accord d\u2019entreprise sur le RCR.<\/li>\n<\/ul>\n<p>Le caract\u00e8re exceptionnel conduisant \u00e0 la non application des am\u00e9nagements horaires tels que cit\u00e9s\u00a0plus haut, fait l\u2019objet d\u2019une validation de la DRH.<\/p>\n<p>&nbsp;<\/p>\n<h2><strong>Cong\u00e9 Parental\u00a0<\/strong><\/h2>\n<p>Le cong\u00e9 est ouvert \u00e0 tout salari\u00e9 ayant au moins <strong>1 an d&rsquo;anciennet\u00e9<\/strong> dans l&rsquo;entreprise.<\/p>\n<p>L&rsquo;anciennet\u00e9 s&rsquo;appr\u00e9cie\u00a0:<\/p>\n<ul>\n<li>soit \u00e0 la date de naissance de l&rsquo;enfant,<\/li>\n<li>soit \u00e0 la date d&rsquo;arriv\u00e9e au foyer d&rsquo;un enfant adopt\u00e9 (ou confi\u00e9 en vue de son adoption) de moins de 16 ans.<\/li>\n<\/ul>\n<p>La dur\u00e9e initiale du cong\u00e9 parental est de <strong>1 an<\/strong> maximum.<\/p>\n<p>Il peut \u00eatre renouvel\u00e9 dans les conditions suivantes\u00a0:<\/p>\n<ul id=\"ui-tab-p5h7nvamxrhtc4zusn5a0h\" class=\"nav nav-tabs\" data-test=\"bloc-cas\">\n<li class=\"active\" data-test=\"cas-only-onglet\"><a id=\"ui-tab-m8xmnzz34thai4qqkhg2rj\" role=\"button\" href=\"https:\/\/www.service-public.fr\/particuliers\/vosdroits\/F2280#tab1996631145606734928-cas1\" data-toggle=\"tab\" data-test=\"moins3cas_1\" data-xiti-name=\"Particuliers::Vos_droits::Modalites::Naissance\" aria-expanded=\"true\">Naissance<span class=\"sr-only\">(actif)<\/span><\/a><\/li>\n<li data-test=\"cas-only-onglet\"><a id=\"ui-tab-2yzz3b7rbuj6lq8iuchc\" role=\"button\" href=\"https:\/\/www.service-public.fr\/particuliers\/vosdroits\/F2280#tab1996631145606734928-cas2\" data-toggle=\"tab\" data-test=\"moins3cas_2\" data-xiti-name=\"Particuliers::Vos_droits::Modalites::Adoption\" aria-expanded=\"false\">Adoption<\/a><\/li>\n<\/ul>\n<div class=\"tab-content\">\n<div id=\"tab1996631145606734928-cas1\" class=\"tab-pane active\">\n<h4 tabindex=\"-1\" data-id=\"sr-only-focusable\" data-test=\"sr-only_1\">La demande doit \u00eatre faite par lettre recommand\u00e9e ou par lettre remise en mains propres un mois avant si il fait suite \u00e0 un cong\u00e9 maternit\u00e9 ou adoption sinon le d\u00e9lai est de 2 mois .<\/h4>\n<h2 class=\" sr-only\" tabindex=\"-1\" data-id=\"sr-only-focusable\" data-test=\"sr-only_1\">Naissance<\/h2>\n<p>La dur\u00e9e du cong\u00e9 et sa date de fin varient en fonction du nombre d&rsquo;enfants n\u00e9s (naissance d&rsquo;un enfant ou naissances multiples).<\/p>\n<div class=\"table-responsive\">\n<table class=\"table\">\n<caption>Dur\u00e9e et date de fin du cong\u00e9 en fonction du nombre d&rsquo;enfants n\u00e9s<\/caption>\n<thead>\n<tr>\n<th colspan=\"1\" rowspan=\"1\" scope=\"col\">Nombre d&rsquo;enfants n\u00e9s simultan\u00e9ment<\/th>\n<th colspan=\"1\" rowspan=\"1\" scope=\"col\">Dur\u00e9e maximale initiale du cong\u00e9<\/th>\n<th colspan=\"1\" rowspan=\"1\" scope=\"col\">Renouvellement du cong\u00e9<\/th>\n<th colspan=\"1\" rowspan=\"1\" scope=\"col\">Date de fin du cong\u00e9 (quelle que soit la date du d\u00e9but du cong\u00e9)<\/th>\n<\/tr>\n<\/thead>\n<tbody>\n<tr>\n<td colspan=\"1\" rowspan=\"1\">1<\/td>\n<td colspan=\"1\" rowspan=\"1\">1 an<\/td>\n<td colspan=\"1\" rowspan=\"1\">Renouvelable 2 fois<\/td>\n<td colspan=\"1\" rowspan=\"1\">Au plus tard le jour du 3<sup>e<\/sup>anniversaire de l&rsquo;enfant<\/td>\n<\/tr>\n<tr>\n<td colspan=\"1\" rowspan=\"1\">2<\/td>\n<td colspan=\"1\" rowspan=\"1\">1 an<\/td>\n<td colspan=\"1\" rowspan=\"1\">Renouvelable 2 fois<\/td>\n<td colspan=\"1\" rowspan=\"1\">Au plus tard \u00e0 la date d&rsquo;entr\u00e9e \u00e0 l&rsquo;\u00e9cole maternelle<\/td>\n<\/tr>\n<tr>\n<td colspan=\"1\" rowspan=\"1\">3 ou plus<\/td>\n<td colspan=\"1\" rowspan=\"1\">1 an<\/td>\n<td colspan=\"1\" rowspan=\"1\">Renouvelable 5 fois<\/td>\n<td colspan=\"1\" rowspan=\"1\">Au plus tard le jour du 6<sup>e<\/sup>anniversaire des enfants<\/td>\n<\/tr>\n<\/tbody>\n<\/table>\n<\/div>\n<p>Le cong\u00e9, renouvellements inclus, est pris de mani\u00e8re continue. Chaque p\u00e9riode de renouvellement peut \u00eatre plus longue ou plus courte que la pr\u00e9c\u00e9dente.<\/p>\n<p>En cas de maladie, d&rsquo;accident grave ou de handicap grave de l&rsquo;enfant, le cong\u00e9 parental peut \u00eatre prolong\u00e9 d&rsquo;une ann\u00e9e suppl\u00e9mentaire maximum.<\/p>\n<p>Un certificat m\u00e9dical doit attester de la gravit\u00e9 de la maladie ou de l&rsquo;accident. Le certificat atteste \u00e9galement que l&rsquo;\u00e9tat de l&rsquo;enfant rend n\u00e9cessaire la pr\u00e9sence d&rsquo;une personne aupr\u00e8s de lui pendant une p\u00e9riode d\u00e9termin\u00e9e.<\/p>\n<p>La gravit\u00e9 du handicap est reconnue d\u00e8s lors que la famille per\u00e7oit <a href=\"https:\/\/www.service-public.fr\/particuliers\/vosdroits\/F14809\">l&rsquo;allocation d&rsquo;\u00e9ducation de l&rsquo;enfant handicap\u00e9 (AEEH)<\/a>.<\/p>\n<p><strong>Attention<\/strong>\u00a0: la dur\u00e9e de versement de la <a href=\"https:\/\/www.service-public.fr\/particuliers\/vosdroits\/F32485\">Pr\u00e9ParE<\/a> varie en fonction du nombre d&rsquo;enfants \u00e0 charge et de la situation familiale. Elle ne co\u00efncide donc pas forc\u00e9ment avec la dur\u00e9e du cong\u00e9 parental (qui peut \u00eatre plus longue). Par exemple, pour un couple avec un seul enfant \u00e0 charge, la prestation de <span class=\"prix\">397,20\u00a0\u20ac<\/span> par mois est vers\u00e9e pendant 6\u00a0mois \u00e0 chaque parent dans la limite du 1<sup>er<\/sup>\u00a0anniversaire de l&rsquo;enfant. Alors que le cong\u00e9 parental peut \u00eatre accord\u00e9 jusqu&rsquo;au 3<sup>e<\/sup>\u00a0anniversaire de l&rsquo;enfant.<\/p>\n<\/div>\n<\/div>\n<p>&nbsp;<\/p>\n<p>&nbsp;<\/p>\n\n<div class=\"twitter-share\"><a href=\"https:\/\/twitter.com\/intent\/tweet?via=cempcgt\" class=\"twitter-share-button\">Tweet<\/a><\/div>\n","protected":false},"excerpt":{"rendered":"&nbsp; Femme enceintes * R\u00e9duction d\u2019une \u00bd heure par jour, au choix de la salari\u00e9e le matin ou le soir, pendant le 6\u00e8me mois de grossesse (5\u00e8me mois +1 jour). * A compter du 7\u00e8me mois de grossesse, r\u00e9duction\u00a0d\u2019une heure\/jour au choix le matin ou le soir. * L\u2019option retenue (matin \/soir), est arr\u00eat\u00e9e de fa\u00e7on d\u00e9finitive, par la collaboratrice, au d\u00e9but du 6\u00e8me mois de grossesse et jusqu\u2019au d\u00e9part en cong\u00e9 maternit\u00e9. * Il est rappel\u00e9 que la r\u00e9duction du temps de travail (1h ou \u00bd h) s\u2019applique sur les journ\u00e9es compl\u00e8tes de travail comme sur les \u00bd journ\u00e9es. &nbsp; Pour des raisons strictement li\u00e9es au maintien du fonctionnement de l\u2019unit\u00e9, s\u2019il s\u2019av\u00e8re impossible de mettre en oeuvre les ","protected":false},"author":6,"featured_media":0,"parent":0,"menu_order":0,"comment_status":"closed","ping_status":"closed","template":"","meta":{"_seopress_robots_primary_cat":""},"yoast_head":"<!-- This site is optimized with the Yoast SEO plugin v20.7 - https:\/\/yoast.com\/wordpress\/plugins\/seo\/ -->\n<title>Cong\u00e9 maternit\u00e9 &ndash; UGICT-CGT CEMP<\/title>\n<meta name=\"robots\" content=\"index, follow, max-snippet:-1, max-image-preview:large, max-video-preview:-1\" \/>\n<link rel=\"canonical\" href=\"https:\/\/cgtcemp.fr\/index.php\/conge-maternite\/\" \/>\n<meta property=\"og:locale\" content=\"fr_FR\" \/>\n<meta property=\"og:type\" content=\"article\" \/>\n<meta property=\"og:title\" content=\"Cong\u00e9 maternit\u00e9 &ndash; UGICT-CGT CEMP\" \/>\n<meta property=\"og:description\" content=\"&nbsp; Femme enceintes * R\u00e9duction d\u2019une \u00bd heure par jour, au choix de la salari\u00e9e le matin ou le soir, pendant le 6\u00e8me mois de grossesse (5\u00e8me mois +1 jour). * A compter du 7\u00e8me mois de grossesse, r\u00e9duction\u00a0d\u2019une heure\/jour au choix le matin ou le soir. * L\u2019option retenue (matin \/soir), est arr\u00eat\u00e9e de fa\u00e7on d\u00e9finitive, par la collaboratrice, au d\u00e9but du 6\u00e8me mois de grossesse et jusqu\u2019au d\u00e9part en cong\u00e9 maternit\u00e9. * Il est rappel\u00e9 que la r\u00e9duction du temps de travail (1h ou \u00bd h) s\u2019applique sur les journ\u00e9es compl\u00e8tes de travail comme sur les \u00bd journ\u00e9es. &nbsp; Pour des raisons strictement li\u00e9es au maintien du fonctionnement de l\u2019unit\u00e9, s\u2019il s\u2019av\u00e8re impossible de mettre en oeuvre les\" \/>\n<meta property=\"og:url\" content=\"https:\/\/cgtcemp.fr\/index.php\/conge-maternite\/\" \/>\n<meta property=\"og:site_name\" content=\"UGICT-CGT CEMP\" \/>\n<meta property=\"article:publisher\" content=\"https:\/\/www.facebook.com\/cgt.cemp\/?ref=aymt_homepage_panel&amp;amp%3bamp%3bamp%3bamp%3bamp%3bamp%3bamp%3bamp%3bamp%3bamp%3bamp%3bamp%3bamp%3bamp%3bamp%3bamp%3bamp%3bamp%3bamp%3bamp%3bamp%3bamp%3bamp%3bamp%3bamp%3beid=ARBQr8XhOjp5Tq4trUkGP2Pa21bM89bHimJF7lyAgDrZ4-IMs61LsmU6wm7cAVLt_A6L-b9moydbo1xu\" \/>\n<meta property=\"article:modified_time\" content=\"2019-12-02T15:04:58+00:00\" \/>\n<meta name=\"twitter:card\" content=\"summary_large_image\" \/>\n<meta name=\"twitter:site\" content=\"@CGTCEMP\" \/>\n<meta name=\"twitter:label1\" content=\"Dur\u00e9e de lecture estim\u00e9e\" \/>\n\t<meta name=\"twitter:data1\" content=\"5 minutes\" \/>\n<script type=\"application\/ld+json\" class=\"yoast-schema-graph\">{\"@context\":\"https:\/\/schema.org\",\"@graph\":[{\"@type\":\"WebPage\",\"@id\":\"https:\/\/cgtcemp.fr\/index.php\/conge-maternite\/\",\"url\":\"https:\/\/cgtcemp.fr\/index.php\/conge-maternite\/\",\"name\":\"Cong\u00e9 maternit\u00e9 &ndash; UGICT-CGT CEMP\",\"isPartOf\":{\"@id\":\"https:\/\/cgtcemp.fr\/#website\"},\"datePublished\":\"2019-11-18T10:31:19+00:00\",\"dateModified\":\"2019-12-02T15:04:58+00:00\",\"breadcrumb\":{\"@id\":\"https:\/\/cgtcemp.fr\/index.php\/conge-maternite\/#breadcrumb\"},\"inLanguage\":\"fr-FR\",\"potentialAction\":[{\"@type\":\"ReadAction\",\"target\":[\"https:\/\/cgtcemp.fr\/index.php\/conge-maternite\/\"]}]},{\"@type\":\"BreadcrumbList\",\"@id\":\"https:\/\/cgtcemp.fr\/index.php\/conge-maternite\/#breadcrumb\",\"itemListElement\":[{\"@type\":\"ListItem\",\"position\":1,\"name\":\"Accueil\",\"item\":\"https:\/\/cgtcemp.fr\/\"},{\"@type\":\"ListItem\",\"position\":2,\"name\":\"Cong\u00e9 maternit\u00e9\"}]},{\"@type\":\"WebSite\",\"@id\":\"https:\/\/cgtcemp.fr\/#website\",\"url\":\"https:\/\/cgtcemp.fr\/\",\"name\":\"UGICT-CGT CEMP\",\"description\":\"Syndicat Cadres et Techniciens de la Caisse d&#039;Epargne Midi-Pyr\u00e9n\u00e9es\",\"publisher\":{\"@id\":\"https:\/\/cgtcemp.fr\/#organization\"},\"potentialAction\":[{\"@type\":\"SearchAction\",\"target\":{\"@type\":\"EntryPoint\",\"urlTemplate\":\"https:\/\/cgtcemp.fr\/?s={search_term_string}\"},\"query-input\":\"required name=search_term_string\"}],\"inLanguage\":\"fr-FR\"},{\"@type\":\"Organization\",\"@id\":\"https:\/\/cgtcemp.fr\/#organization\",\"name\":\"CGTCEMP\",\"url\":\"https:\/\/cgtcemp.fr\/\",\"logo\":{\"@type\":\"ImageObject\",\"inLanguage\":\"fr-FR\",\"@id\":\"https:\/\/cgtcemp.fr\/#\/schema\/logo\/image\/\",\"url\":\"https:\/\/cgtcemp.fr\/wp-content\/uploads\/2019\/05\/unnamed.png\",\"contentUrl\":\"https:\/\/cgtcemp.fr\/wp-content\/uploads\/2019\/05\/unnamed.png\",\"width\":237,\"height\":162,\"caption\":\"CGTCEMP\"},\"image\":{\"@id\":\"https:\/\/cgtcemp.fr\/#\/schema\/logo\/image\/\"},\"sameAs\":[\"https:\/\/www.facebook.com\/cgt.cemp\/?ref=aymt_homepage_panel&amp;amp;amp;amp;amp;amp;amp;amp;amp;amp;amp;amp;amp;amp;amp;amp;amp;amp;amp;amp;amp;amp;amp;amp;amp;eid=ARBQr8XhOjp5Tq4trUkGP2Pa21bM89bHimJF7lyAgDrZ4-IMs61LsmU6wm7cAVLt_A6L-b9moydbo1xu\",\"https:\/\/twitter.com\/CGTCEMP\"]}]}<\/script>\n<!-- \/ Yoast SEO plugin. -->","yoast_head_json":{"title":"Cong\u00e9 maternit\u00e9 &ndash; UGICT-CGT CEMP","robots":{"index":"index","follow":"follow","max-snippet":"max-snippet:-1","max-image-preview":"max-image-preview:large","max-video-preview":"max-video-preview:-1"},"canonical":"https:\/\/cgtcemp.fr\/index.php\/conge-maternite\/","og_locale":"fr_FR","og_type":"article","og_title":"Cong\u00e9 maternit\u00e9 &ndash; UGICT-CGT CEMP","og_description":"&nbsp; Femme enceintes * R\u00e9duction d\u2019une \u00bd heure par jour, au choix de la salari\u00e9e le matin ou le soir, pendant le 6\u00e8me mois de grossesse (5\u00e8me mois +1 jour). * A compter du 7\u00e8me mois de grossesse, r\u00e9duction\u00a0d\u2019une heure\/jour au choix le matin ou le soir. * L\u2019option retenue (matin \/soir), est arr\u00eat\u00e9e de fa\u00e7on d\u00e9finitive, par la collaboratrice, au d\u00e9but du 6\u00e8me mois de grossesse et jusqu\u2019au d\u00e9part en cong\u00e9 maternit\u00e9. * Il est rappel\u00e9 que la r\u00e9duction du temps de travail (1h ou \u00bd h) s\u2019applique sur les journ\u00e9es compl\u00e8tes de travail comme sur les \u00bd journ\u00e9es. &nbsp; Pour des raisons strictement li\u00e9es au maintien du fonctionnement de l\u2019unit\u00e9, s\u2019il s\u2019av\u00e8re impossible de mettre en oeuvre les","og_url":"https:\/\/cgtcemp.fr\/index.php\/conge-maternite\/","og_site_name":"UGICT-CGT CEMP","article_publisher":"https:\/\/www.facebook.com\/cgt.cemp\/?ref=aymt_homepage_panel&amp%3bamp%3bamp%3bamp%3bamp%3bamp%3bamp%3bamp%3bamp%3bamp%3bamp%3bamp%3bamp%3bamp%3bamp%3bamp%3bamp%3bamp%3bamp%3bamp%3bamp%3bamp%3bamp%3bamp%3bamp%3beid=ARBQr8XhOjp5Tq4trUkGP2Pa21bM89bHimJF7lyAgDrZ4-IMs61LsmU6wm7cAVLt_A6L-b9moydbo1xu","article_modified_time":"2019-12-02T15:04:58+00:00","twitter_card":"summary_large_image","twitter_site":"@CGTCEMP","twitter_misc":{"Dur\u00e9e de lecture estim\u00e9e":"5 minutes"},"schema":{"@context":"https:\/\/schema.org","@graph":[{"@type":"WebPage","@id":"https:\/\/cgtcemp.fr\/index.php\/conge-maternite\/","url":"https:\/\/cgtcemp.fr\/index.php\/conge-maternite\/","name":"Cong\u00e9 maternit\u00e9 &ndash; UGICT-CGT CEMP","isPartOf":{"@id":"https:\/\/cgtcemp.fr\/#website"},"datePublished":"2019-11-18T10:31:19+00:00","dateModified":"2019-12-02T15:04:58+00:00","breadcrumb":{"@id":"https:\/\/cgtcemp.fr\/index.php\/conge-maternite\/#breadcrumb"},"inLanguage":"fr-FR","potentialAction":[{"@type":"ReadAction","target":["https:\/\/cgtcemp.fr\/index.php\/conge-maternite\/"]}]},{"@type":"BreadcrumbList","@id":"https:\/\/cgtcemp.fr\/index.php\/conge-maternite\/#breadcrumb","itemListElement":[{"@type":"ListItem","position":1,"name":"Accueil","item":"https:\/\/cgtcemp.fr\/"},{"@type":"ListItem","position":2,"name":"Cong\u00e9 maternit\u00e9"}]},{"@type":"WebSite","@id":"https:\/\/cgtcemp.fr\/#website","url":"https:\/\/cgtcemp.fr\/","name":"UGICT-CGT CEMP","description":"Syndicat Cadres et Techniciens de la Caisse d&#039;Epargne Midi-Pyr\u00e9n\u00e9es","publisher":{"@id":"https:\/\/cgtcemp.fr\/#organization"},"potentialAction":[{"@type":"SearchAction","target":{"@type":"EntryPoint","urlTemplate":"https:\/\/cgtcemp.fr\/?s={search_term_string}"},"query-input":"required name=search_term_string"}],"inLanguage":"fr-FR"},{"@type":"Organization","@id":"https:\/\/cgtcemp.fr\/#organization","name":"CGTCEMP","url":"https:\/\/cgtcemp.fr\/","logo":{"@type":"ImageObject","inLanguage":"fr-FR","@id":"https:\/\/cgtcemp.fr\/#\/schema\/logo\/image\/","url":"https:\/\/cgtcemp.fr\/wp-content\/uploads\/2019\/05\/unnamed.png","contentUrl":"https:\/\/cgtcemp.fr\/wp-content\/uploads\/2019\/05\/unnamed.png","width":237,"height":162,"caption":"CGTCEMP"},"image":{"@id":"https:\/\/cgtcemp.fr\/#\/schema\/logo\/image\/"},"sameAs":["https:\/\/www.facebook.com\/cgt.cemp\/?ref=aymt_homepage_panel&amp;amp;amp;amp;amp;amp;amp;amp;amp;amp;amp;amp;amp;amp;amp;amp;amp;amp;amp;amp;amp;amp;amp;amp;amp;eid=ARBQr8XhOjp5Tq4trUkGP2Pa21bM89bHimJF7lyAgDrZ4-IMs61LsmU6wm7cAVLt_A6L-b9moydbo1xu","https:\/\/twitter.com\/CGTCEMP"]}]}},"_links":{"self":[{"href":"https:\/\/cgtcemp.fr\/index.php\/wp-json\/wp\/v2\/pages\/1142"}],"collection":[{"href":"https:\/\/cgtcemp.fr\/index.php\/wp-json\/wp\/v2\/pages"}],"about":[{"href":"https:\/\/cgtcemp.fr\/index.php\/wp-json\/wp\/v2\/types\/page"}],"author":[{"embeddable":true,"href":"https:\/\/cgtcemp.fr\/index.php\/wp-json\/wp\/v2\/users\/6"}],"replies":[{"embeddable":true,"href":"https:\/\/cgtcemp.fr\/index.php\/wp-json\/wp\/v2\/comments?post=1142"}],"version-history":[{"count":4,"href":"https:\/\/cgtcemp.fr\/index.php\/wp-json\/wp\/v2\/pages\/1142\/revisions"}],"predecessor-version":[{"id":1155,"href":"https:\/\/cgtcemp.fr\/index.php\/wp-json\/wp\/v2\/pages\/1142\/revisions\/1155"}],"wp:attachment":[{"href":"https:\/\/cgtcemp.fr\/index.php\/wp-json\/wp\/v2\/media?parent=1142"}],"curies":[{"name":"wp","href":"https:\/\/api.w.org\/{rel}","templated":true}]}}