{"id":41,"date":"2016-07-23T18:40:11","date_gmt":"2016-07-23T16:40:11","guid":{"rendered":"http:\/\/cgtcemp.fr\/?page_id=41"},"modified":"2025-11-07T14:54:34","modified_gmt":"2025-11-07T13:54:34","slug":"accords-locaux-cemp","status":"publish","type":"page","link":"https:\/\/cgtcemp.fr\/index.php\/accords\/accords-locaux-cemp\/","title":{"rendered":"Accords locaux CEMP"},"content":{"rendered":"<p><strong>Nous vous pr\u00e9sentons en fonction des th\u00e8mes les principaux accords sign\u00e9s en Caisse d\u2019\u00e9pargne Midi-Pyr\u00e9n\u00e9es.<\/strong><\/p>\n<p>Pour t\u00e9l\u00e9charger un accord, cliquez simplement sur ce dernier :<\/p>\n<p><strong>Cong\u00e9 \u00e0 retenue diff\u00e9r\u00e9e :<\/strong><\/p>\n<ul>\n<li><a href=\"https:\/\/cgtcemp.fr\/wp-content\/uploads\/2016\/07\/avenant_accord_conge_non_remunere_a_retenue_differee_07071995.pdf\" target=\"_blank\" rel=\"noopener noreferrer\">Accord cong\u00e9 \u00e0 retenue diff\u00e9r\u00e9e<\/a><\/li>\n<\/ul>\n<p><strong>Egalit\u00e9 professionnelle :<\/strong><\/p>\n<ul>\n<li><a href=\"https:\/\/cgtcemp.fr\/wp-content\/uploads\/2016\/07\/Accord-Egalit\u00e9-2017-18-19.pdf\" target=\"_blank\" rel=\"noopener noreferrer\">Accord \u00e9galit\u00e9 professionnelle 2017\/2018\/2019<\/a><\/li>\n<\/ul>\n<p><strong>Int\u00e9ressement :<\/strong><\/p>\n<ul>\n<li><a href=\"https:\/\/cgtcemp.fr\/wp-content\/uploads\/2016\/07\/accord_interessement_23062016.pdf\" target=\"_blank\" rel=\"noopener noreferrer\">Accord int\u00e9ressement 2016<\/a><\/li>\n<li><a href=\"https:\/\/cgtcemp.fr\/wp-content\/uploads\/2016\/07\/Accord-suppl\u00e9ment-int\u00e9ressement.pdf\" target=\"_blank\" rel=\"noopener noreferrer\">Accord suppl\u00e9ment int\u00e9ressement 2017<\/a><\/li>\n<li><a href=\"https:\/\/cgtcemp.fr\/wp-content\/uploads\/2019\/07\/accord-interessement-2019-2021.pdf\">Accord-interessement-2019-2021<\/a><\/li>\n<li><a href=\"https:\/\/cgtcemp.fr\/wp-content\/uploads\/2025\/11\/accord-interessement-2025-2027.pdf\">Accord-interessement-2023-2024<\/a><\/li>\n<li><a href=\"https:\/\/cgtcemp.fr\/wp-content\/uploads\/2025\/11\/accord-interessement-2025-2027.pdf\">Accord-interessement-2025-2027<\/a><\/li>\n<\/ul>\n<p><strong>Mobilit\u00e9 :<\/strong><\/p>\n<ul>\n<li><a href=\"https:\/\/cgtcemp.fr\/wp-content\/uploads\/2016\/07\/Accord-mobilite-du-24-11-2006-.pdf\" target=\"_blank\" rel=\"noopener noreferrer\">Accord mobilit\u00e9<\/a><\/li>\n<li><a href=\"https:\/\/cgtcemp.fr\/wp-content\/uploads\/2016\/07\/Avenant-accord-mobilit\u00e9.pdf\" target=\"_blank\" rel=\"noopener noreferrer\">Avenant accord mobilit\u00e9 2009<\/a><\/li>\n<li><a href=\"https:\/\/cgtcemp.fr\/wp-content\/uploads\/2016\/07\/Avenant-accord-mobilit\u00e9-1.pdf\" target=\"_blank\" rel=\"noopener noreferrer\">Avenant accord mobilit\u00e9 2017<\/a><\/li>\n<\/ul>\n<p><strong>Moyens organisations syndicales :<\/strong><\/p>\n<ul>\n<li><a href=\"https:\/\/cgtcemp.fr\/wp-content\/uploads\/2016\/07\/Accord-fonctionnement-IRP.pdf\" target=\"_blank\" rel=\"noopener noreferrer\">Accord fonctionnement IRP<\/a><\/li>\n<\/ul>\n<p><strong>N\u00e9gociation annuelle obligatoire :<\/strong><\/p>\n<ul>\n<li><a href=\"https:\/\/cgtcemp.fr\/wp-content\/uploads\/2016\/07\/9-accord-nao-2016.pdf\" target=\"_blank\" rel=\"noopener noreferrer\">Accord NAO 2016<\/a><\/li>\n<li><a href=\"https:\/\/cgtcemp.fr\/wp-content\/uploads\/2016\/07\/Accord-NAO-2017.pdf\" target=\"_blank\" rel=\"noopener noreferrer\">Accord NAO 2017<\/a><\/li>\n<li><a href=\"https:\/\/cgtcemp.fr\/wp-content\/uploads\/2019\/01\/accord-substitution-26122018.pdf\" target=\"_blank\" rel=\"noopener noreferrer\">Accord de substitution 2018<\/a> (suite d\u00e9nonciation des usages)<\/li>\n<li><a href=\"https:\/\/cgtcemp.fr\/wp-content\/uploads\/2025\/11\/accord-nao-12022019.pdf\" target=\"_blank\" rel=\"noopener noreferrer\">Accord NAO 2019<\/a><\/li>\n<li><a href=\"https:\/\/cgtcemp.fr\/wp-content\/uploads\/2025\/11\/accord-nao-22072020-1.pdf\" target=\"_blank\" rel=\"noopener noreferrer\">Accord NAO 2020<\/a><\/li>\n<li><a href=\"https:\/\/cgtcemp.fr\/wp-content\/uploads\/2025\/11\/accord-nao-09032022-1.pdf\" target=\"_blank\" rel=\"noopener noreferrer\">Accord NAO 2022<\/a><\/li>\n<li><a href=\"https:\/\/cgtcemp.fr\/wp-content\/uploads\/2025\/11\/accord-nao-24112023.pdf\" target=\"_blank\" rel=\"noopener noreferrer\">Accord NAO 2023<\/a><\/li>\n<li><a href=\"https:\/\/cgtcemp.fr\/wp-content\/uploads\/2025\/11\/pv-desaccord-nao-2024-13022024.pdf\" target=\"_blank\" rel=\"noopener noreferrer\">D\u00e9saccord NAO 2024<\/a><\/li>\n<li><a href=\"https:\/\/cgtcemp.fr\/wp-content\/uploads\/2025\/11\/pv-desaccord-nao-2025-19022025.pdf\" target=\"_blank\" rel=\"noopener noreferrer\">D\u00e9saccord NAO 2025<\/a><\/li>\n<\/ul>\n<p><strong>Temps de travail :<\/strong><\/p>\n<ul>\n<li><a href=\"https:\/\/cgtcemp.fr\/wp-content\/uploads\/2016\/07\/Accord-ARTT-21-09-2000.pdf\" target=\"_blank\" rel=\"noopener noreferrer\">Accord ARTT<\/a><\/li>\n<li><a href=\"https:\/\/cgtcemp.fr\/wp-content\/uploads\/2016\/07\/Accord-Temps-partiel-01-12-2000.pdf\" target=\"_blank\" rel=\"noopener noreferrer\">Accord temps partiel<\/a><\/li>\n<li><a href=\"https:\/\/cgtcemp.fr\/wp-content\/uploads\/2016\/07\/accord-itinerants-17-02-2009.pdf\" target=\"_blank\" rel=\"noopener noreferrer\">Accord collaborateurs itin\u00e9rants<\/a><\/li>\n<li><a href=\"https:\/\/cgtcemp.fr\/wp-content\/uploads\/2016\/07\/Accord-Compte-epargne-temps.pdf\" target=\"_blank\" rel=\"noopener noreferrer\">Accord compte \u00e9pargne temps<\/a><\/li>\n<li><a href=\"https:\/\/cgtcemp.fr\/wp-content\/uploads\/2016\/07\/Accord-adhesionCEMP-PERCO20I.pdf\" target=\"_blank\" rel=\"noopener noreferrer\">Accord PERCO<\/a><\/li>\n<li><a href=\"https:\/\/cgtcemp.fr\/wp-content\/uploads\/2025\/11\/accord-travail-a-distance-29042025-1.pdf\" target=\"_blank\" rel=\"noopener noreferrer\">Accord T\u00e9l\u00e9travail 2025<\/a><\/li>\n<li><a href=\"https:\/\/cgtcemp.fr\/wp-content\/uploads\/2019\/01\/avenant-accord-cet-17122018.pdf\" target=\"_blank\" rel=\"noopener noreferrer\">Avenant Accord CET 2018<\/a><\/li>\n<li><a href=\"https:\/\/cgtcemp.fr\/wp-content\/uploads\/2025\/11\/accord-forfait-jours-25042025-1.pdf\" target=\"_blank\" rel=\"noopener noreferrer\">Accord forfait jours 2025<\/a><\/li>\n<\/ul>\n<p><strong>R\u00e8glement int\u00e9rieur et annexes :<\/strong><\/p>\n<ul>\n<li><a href=\"https:\/\/cgtcemp.fr\/wp-content\/uploads\/2025\/11\/reglement-interieur-et-annexes-02052024.pdf\" target=\"_blank\" rel=\"noopener noreferrer\">R\u00e8glement int\u00e9rieur CEMP et annexes (2024)<\/a><\/li>\n<\/ul>\n\n<div class=\"twitter-share\"><a href=\"https:\/\/twitter.com\/intent\/tweet?via=cempcgt\" class=\"twitter-share-button\">Tweet<\/a><\/div>\n","protected":false},"excerpt":{"rendered":"Nous vous pr\u00e9sentons en fonction des th\u00e8mes les principaux accords sign\u00e9s en Caisse d\u2019\u00e9pargne Midi-Pyr\u00e9n\u00e9es. Pour t\u00e9l\u00e9charger un accord, cliquez simplement sur ce dernier : Cong\u00e9 \u00e0 retenue diff\u00e9r\u00e9e : Accord cong\u00e9 \u00e0 retenue diff\u00e9r\u00e9e Egalit\u00e9 professionnelle : Accord \u00e9galit\u00e9 professionnelle 2017\/2018\/2019 Int\u00e9ressement : Accord int\u00e9ressement 2016 Accord suppl\u00e9ment int\u00e9ressement 2017 Accord-interessement-2019-2021 Accord-interessement-2023-2024 Accord-interessement-2025-2027 Mobilit\u00e9 : Accord mobilit\u00e9 Avenant accord mobilit\u00e9 2009 Avenant accord mobilit\u00e9 2017 Moyens organisations syndicales : Accord fonctionnement IRP N\u00e9gociation annuelle obligatoire : Accord NAO 2016 Accord NAO 2017 Accord de substitution 2018 (suite d\u00e9nonciation des usages) Accord NAO 2019 Accord NAO 2020 Accord NAO 2022 Accord NAO 2023 D\u00e9saccord NAO 2024 D\u00e9saccord NAO 2025 Temps de travail : Accord ARTT Accord temps partiel Accord collaborateurs ","protected":false},"author":6,"featured_media":0,"parent":22,"menu_order":2,"comment_status":"closed","ping_status":"closed","template":"","meta":{"_seopress_robots_primary_cat":""},"yoast_head":"<!-- This site is optimized with the Yoast SEO plugin v20.7 - https:\/\/yoast.com\/wordpress\/plugins\/seo\/ -->\n<title>Accords locaux CEMP &ndash; UGICT-CGT CEMP<\/title>\n<meta name=\"robots\" content=\"index, follow, max-snippet:-1, max-image-preview:large, max-video-preview:-1\" \/>\n<link rel=\"canonical\" href=\"https:\/\/cgtcemp.fr\/index.php\/accords\/accords-locaux-cemp\/\" \/>\n<meta property=\"og:locale\" content=\"fr_FR\" \/>\n<meta property=\"og:type\" content=\"article\" \/>\n<meta property=\"og:title\" content=\"Accords locaux CEMP &ndash; UGICT-CGT CEMP\" \/>\n<meta property=\"og:description\" content=\"Nous vous pr\u00e9sentons en fonction des th\u00e8mes les principaux accords sign\u00e9s en Caisse d\u2019\u00e9pargne Midi-Pyr\u00e9n\u00e9es. Pour t\u00e9l\u00e9charger un accord, cliquez simplement sur ce dernier : Cong\u00e9 \u00e0 retenue diff\u00e9r\u00e9e : Accord cong\u00e9 \u00e0 retenue diff\u00e9r\u00e9e Egalit\u00e9 professionnelle : Accord \u00e9galit\u00e9 professionnelle 2017\/2018\/2019 Int\u00e9ressement : Accord int\u00e9ressement 2016 Accord suppl\u00e9ment int\u00e9ressement 2017 Accord-interessement-2019-2021 Accord-interessement-2023-2024 Accord-interessement-2025-2027 Mobilit\u00e9 : Accord mobilit\u00e9 Avenant accord mobilit\u00e9 2009 Avenant accord mobilit\u00e9 2017 Moyens organisations syndicales : Accord fonctionnement IRP N\u00e9gociation annuelle obligatoire : Accord NAO 2016 Accord NAO 2017 Accord de substitution 2018 (suite d\u00e9nonciation des usages) Accord NAO 2019 Accord NAO 2020 Accord NAO 2022 Accord NAO 2023 D\u00e9saccord NAO 2024 D\u00e9saccord NAO 2025 Temps de travail : Accord ARTT Accord temps partiel Accord collaborateurs\" \/>\n<meta property=\"og:url\" content=\"https:\/\/cgtcemp.fr\/index.php\/accords\/accords-locaux-cemp\/\" \/>\n<meta property=\"og:site_name\" content=\"UGICT-CGT CEMP\" \/>\n<meta property=\"article:publisher\" content=\"https:\/\/www.facebook.com\/cgt.cemp\/?ref=aymt_homepage_panel&amp;amp%3bamp%3bamp%3bamp%3bamp%3bamp%3bamp%3bamp%3bamp%3bamp%3bamp%3bamp%3bamp%3bamp%3bamp%3bamp%3bamp%3bamp%3bamp%3bamp%3bamp%3bamp%3bamp%3bamp%3bamp%3beid=ARBQr8XhOjp5Tq4trUkGP2Pa21bM89bHimJF7lyAgDrZ4-IMs61LsmU6wm7cAVLt_A6L-b9moydbo1xu\" \/>\n<meta property=\"article:modified_time\" content=\"2025-11-07T13:54:34+00:00\" \/>\n<meta name=\"twitter:card\" content=\"summary_large_image\" \/>\n<meta name=\"twitter:site\" content=\"@CGTCEMP\" \/>\n<meta name=\"twitter:label1\" content=\"Dur\u00e9e de lecture estim\u00e9e\" \/>\n\t<meta name=\"twitter:data1\" content=\"1 minute\" \/>\n<script type=\"application\/ld+json\" class=\"yoast-schema-graph\">{\"@context\":\"https:\/\/schema.org\",\"@graph\":[{\"@type\":\"WebPage\",\"@id\":\"https:\/\/cgtcemp.fr\/index.php\/accords\/accords-locaux-cemp\/\",\"url\":\"https:\/\/cgtcemp.fr\/index.php\/accords\/accords-locaux-cemp\/\",\"name\":\"Accords locaux CEMP &ndash; UGICT-CGT CEMP\",\"isPartOf\":{\"@id\":\"https:\/\/cgtcemp.fr\/#website\"},\"datePublished\":\"2016-07-23T16:40:11+00:00\",\"dateModified\":\"2025-11-07T13:54:34+00:00\",\"breadcrumb\":{\"@id\":\"https:\/\/cgtcemp.fr\/index.php\/accords\/accords-locaux-cemp\/#breadcrumb\"},\"inLanguage\":\"fr-FR\",\"potentialAction\":[{\"@type\":\"ReadAction\",\"target\":[\"https:\/\/cgtcemp.fr\/index.php\/accords\/accords-locaux-cemp\/\"]}]},{\"@type\":\"BreadcrumbList\",\"@id\":\"https:\/\/cgtcemp.fr\/index.php\/accords\/accords-locaux-cemp\/#breadcrumb\",\"itemListElement\":[{\"@type\":\"ListItem\",\"position\":1,\"name\":\"Accueil\",\"item\":\"https:\/\/cgtcemp.fr\/\"},{\"@type\":\"ListItem\",\"position\":2,\"name\":\"Accords\",\"item\":\"https:\/\/cgtcemp.fr\/index.php\/accords\/\"},{\"@type\":\"ListItem\",\"position\":3,\"name\":\"Accords locaux CEMP\"}]},{\"@type\":\"WebSite\",\"@id\":\"https:\/\/cgtcemp.fr\/#website\",\"url\":\"https:\/\/cgtcemp.fr\/\",\"name\":\"UGICT-CGT CEMP\",\"description\":\"Syndicat Cadres et Techniciens de la Caisse d&#039;Epargne Midi-Pyr\u00e9n\u00e9es\",\"publisher\":{\"@id\":\"https:\/\/cgtcemp.fr\/#organization\"},\"potentialAction\":[{\"@type\":\"SearchAction\",\"target\":{\"@type\":\"EntryPoint\",\"urlTemplate\":\"https:\/\/cgtcemp.fr\/?s={search_term_string}\"},\"query-input\":\"required name=search_term_string\"}],\"inLanguage\":\"fr-FR\"},{\"@type\":\"Organization\",\"@id\":\"https:\/\/cgtcemp.fr\/#organization\",\"name\":\"CGTCEMP\",\"url\":\"https:\/\/cgtcemp.fr\/\",\"logo\":{\"@type\":\"ImageObject\",\"inLanguage\":\"fr-FR\",\"@id\":\"https:\/\/cgtcemp.fr\/#\/schema\/logo\/image\/\",\"url\":\"https:\/\/cgtcemp.fr\/wp-content\/uploads\/2019\/05\/unnamed.png\",\"contentUrl\":\"https:\/\/cgtcemp.fr\/wp-content\/uploads\/2019\/05\/unnamed.png\",\"width\":237,\"height\":162,\"caption\":\"CGTCEMP\"},\"image\":{\"@id\":\"https:\/\/cgtcemp.fr\/#\/schema\/logo\/image\/\"},\"sameAs\":[\"https:\/\/www.facebook.com\/cgt.cemp\/?ref=aymt_homepage_panel&amp;amp;amp;amp;amp;amp;amp;amp;amp;amp;amp;amp;amp;amp;amp;amp;amp;amp;amp;amp;amp;amp;amp;amp;amp;eid=ARBQr8XhOjp5Tq4trUkGP2Pa21bM89bHimJF7lyAgDrZ4-IMs61LsmU6wm7cAVLt_A6L-b9moydbo1xu\",\"https:\/\/twitter.com\/CGTCEMP\"]}]}<\/script>\n<!-- \/ Yoast SEO plugin. -->","yoast_head_json":{"title":"Accords locaux CEMP &ndash; UGICT-CGT CEMP","robots":{"index":"index","follow":"follow","max-snippet":"max-snippet:-1","max-image-preview":"max-image-preview:large","max-video-preview":"max-video-preview:-1"},"canonical":"https:\/\/cgtcemp.fr\/index.php\/accords\/accords-locaux-cemp\/","og_locale":"fr_FR","og_type":"article","og_title":"Accords locaux CEMP &ndash; UGICT-CGT CEMP","og_description":"Nous vous pr\u00e9sentons en fonction des th\u00e8mes les principaux accords sign\u00e9s en Caisse d\u2019\u00e9pargne Midi-Pyr\u00e9n\u00e9es. Pour t\u00e9l\u00e9charger un accord, cliquez simplement sur ce dernier : Cong\u00e9 \u00e0 retenue diff\u00e9r\u00e9e : Accord cong\u00e9 \u00e0 retenue diff\u00e9r\u00e9e Egalit\u00e9 professionnelle : Accord \u00e9galit\u00e9 professionnelle 2017\/2018\/2019 Int\u00e9ressement : Accord int\u00e9ressement 2016 Accord suppl\u00e9ment int\u00e9ressement 2017 Accord-interessement-2019-2021 Accord-interessement-2023-2024 Accord-interessement-2025-2027 Mobilit\u00e9 : Accord mobilit\u00e9 Avenant accord mobilit\u00e9 2009 Avenant accord mobilit\u00e9 2017 Moyens organisations syndicales : Accord fonctionnement IRP N\u00e9gociation annuelle obligatoire : Accord NAO 2016 Accord NAO 2017 Accord de substitution 2018 (suite d\u00e9nonciation des usages) Accord NAO 2019 Accord NAO 2020 Accord NAO 2022 Accord NAO 2023 D\u00e9saccord NAO 2024 D\u00e9saccord NAO 2025 Temps de travail : Accord ARTT Accord temps partiel Accord collaborateurs","og_url":"https:\/\/cgtcemp.fr\/index.php\/accords\/accords-locaux-cemp\/","og_site_name":"UGICT-CGT CEMP","article_publisher":"https:\/\/www.facebook.com\/cgt.cemp\/?ref=aymt_homepage_panel&amp%3bamp%3bamp%3bamp%3bamp%3bamp%3bamp%3bamp%3bamp%3bamp%3bamp%3bamp%3bamp%3bamp%3bamp%3bamp%3bamp%3bamp%3bamp%3bamp%3bamp%3bamp%3bamp%3bamp%3bamp%3beid=ARBQr8XhOjp5Tq4trUkGP2Pa21bM89bHimJF7lyAgDrZ4-IMs61LsmU6wm7cAVLt_A6L-b9moydbo1xu","article_modified_time":"2025-11-07T13:54:34+00:00","twitter_card":"summary_large_image","twitter_site":"@CGTCEMP","twitter_misc":{"Dur\u00e9e de lecture estim\u00e9e":"1 minute"},"schema":{"@context":"https:\/\/schema.org","@graph":[{"@type":"WebPage","@id":"https:\/\/cgtcemp.fr\/index.php\/accords\/accords-locaux-cemp\/","url":"https:\/\/cgtcemp.fr\/index.php\/accords\/accords-locaux-cemp\/","name":"Accords locaux CEMP &ndash; UGICT-CGT CEMP","isPartOf":{"@id":"https:\/\/cgtcemp.fr\/#website"},"datePublished":"2016-07-23T16:40:11+00:00","dateModified":"2025-11-07T13:54:34+00:00","breadcrumb":{"@id":"https:\/\/cgtcemp.fr\/index.php\/accords\/accords-locaux-cemp\/#breadcrumb"},"inLanguage":"fr-FR","potentialAction":[{"@type":"ReadAction","target":["https:\/\/cgtcemp.fr\/index.php\/accords\/accords-locaux-cemp\/"]}]},{"@type":"BreadcrumbList","@id":"https:\/\/cgtcemp.fr\/index.php\/accords\/accords-locaux-cemp\/#breadcrumb","itemListElement":[{"@type":"ListItem","position":1,"name":"Accueil","item":"https:\/\/cgtcemp.fr\/"},{"@type":"ListItem","position":2,"name":"Accords","item":"https:\/\/cgtcemp.fr\/index.php\/accords\/"},{"@type":"ListItem","position":3,"name":"Accords locaux CEMP"}]},{"@type":"WebSite","@id":"https:\/\/cgtcemp.fr\/#website","url":"https:\/\/cgtcemp.fr\/","name":"UGICT-CGT CEMP","description":"Syndicat Cadres et Techniciens de la Caisse d&#039;Epargne Midi-Pyr\u00e9n\u00e9es","publisher":{"@id":"https:\/\/cgtcemp.fr\/#organization"},"potentialAction":[{"@type":"SearchAction","target":{"@type":"EntryPoint","urlTemplate":"https:\/\/cgtcemp.fr\/?s={search_term_string}"},"query-input":"required name=search_term_string"}],"inLanguage":"fr-FR"},{"@type":"Organization","@id":"https:\/\/cgtcemp.fr\/#organization","name":"CGTCEMP","url":"https:\/\/cgtcemp.fr\/","logo":{"@type":"ImageObject","inLanguage":"fr-FR","@id":"https:\/\/cgtcemp.fr\/#\/schema\/logo\/image\/","url":"https:\/\/cgtcemp.fr\/wp-content\/uploads\/2019\/05\/unnamed.png","contentUrl":"https:\/\/cgtcemp.fr\/wp-content\/uploads\/2019\/05\/unnamed.png","width":237,"height":162,"caption":"CGTCEMP"},"image":{"@id":"https:\/\/cgtcemp.fr\/#\/schema\/logo\/image\/"},"sameAs":["https:\/\/www.facebook.com\/cgt.cemp\/?ref=aymt_homepage_panel&amp;amp;amp;amp;amp;amp;amp;amp;amp;amp;amp;amp;amp;amp;amp;amp;amp;amp;amp;amp;amp;amp;amp;amp;amp;eid=ARBQr8XhOjp5Tq4trUkGP2Pa21bM89bHimJF7lyAgDrZ4-IMs61LsmU6wm7cAVLt_A6L-b9moydbo1xu","https:\/\/twitter.com\/CGTCEMP"]}]}},"_links":{"self":[{"href":"https:\/\/cgtcemp.fr\/index.php\/wp-json\/wp\/v2\/pages\/41"}],"collection":[{"href":"https:\/\/cgtcemp.fr\/index.php\/wp-json\/wp\/v2\/pages"}],"about":[{"href":"https:\/\/cgtcemp.fr\/index.php\/wp-json\/wp\/v2\/types\/page"}],"author":[{"embeddable":true,"href":"https:\/\/cgtcemp.fr\/index.php\/wp-json\/wp\/v2\/users\/6"}],"replies":[{"embeddable":true,"href":"https:\/\/cgtcemp.fr\/index.php\/wp-json\/wp\/v2\/comments?post=41"}],"version-history":[{"count":46,"href":"https:\/\/cgtcemp.fr\/index.php\/wp-json\/wp\/v2\/pages\/41\/revisions"}],"predecessor-version":[{"id":4778,"href":"https:\/\/cgtcemp.fr\/index.php\/wp-json\/wp\/v2\/pages\/41\/revisions\/4778"}],"up":[{"embeddable":true,"href":"https:\/\/cgtcemp.fr\/index.php\/wp-json\/wp\/v2\/pages\/22"}],"wp:attachment":[{"href":"https:\/\/cgtcemp.fr\/index.php\/wp-json\/wp\/v2\/media?parent=41"}],"curies":[{"name":"wp","href":"https:\/\/api.w.org\/{rel}","templated":true}]}}